isor of 54 and a?
18
Suppose -7*x = -3*x - o - 9, -4*x - o = -7. Let v = -9 - -69. Suppose -q - x*q = -v. Calculate the highest common factor of q and 20.
20
Let v be -5*(-3 + (-8)/(-5)). Suppose 2*l - v*x + 2*x = 73, -20 = 4*x. Let c be (154/(-4))/((-12)/l). What is the greatest common divisor of 7 and c?
7
Let w(n) = -88*n - 63. Let y be w(-3). Calculate the greatest common divisor of 3 and y.
3
Let r(a) = -a**3 - 2 + 20*a**2 - 9*a**2 + 16*a - 6*a**2. Let k be r(7). Let j be (3/(-1))/(-3) + 11. What is the highest common divisor of j and k?
12
Suppose 9*c - 97 - 218 = 0. Calculate the highest common factor of 14 and c.
7
Let a(s) = -9 - 2*s**2 - 8 + 5 - 5*s - 2*s**3 - 3*s. Let l be a(-4). What is the greatest common divisor of l and 29?
29
Let j be (-8367)/(-28) - 16/28 - (-35)/(-28). Let t(l) = 0*l + 0*l + 8*l**2 - 3*l + 1. Let w be t(2). Calculate the greatest common factor of w and j.
27
Let k(l) = l + 6. Let n be k(-5). Let b(g) = -g**2 + 10*g - 6. Let m be (54/(-12))/((5/2)/(-5)). Let x be b(m). Calculate the highest common factor of x and n.
1
Let h be 2/(3/1056*-2). Let a be (-5)/(-4)*h/(3 - 7). What is the greatest common divisor of a and 10?
10
Suppose -2*o = -0*o + 20. Let a(w) = -21*w**3 + 2*w**2 + w. Let u be a(-1). Let l = u + o. What is the greatest common factor of 18 and l?
6
Let r be -1*2*-1*15/6. Suppose -3*y + 171 = 4*u, 166 + 65 = r*u - 2*y. What is the greatest common factor of 10 and u?
5
Let m(c) = 2*c + 4. Let t be m(4). Let l = 154 + 2. Calculate the highest common factor of t and l.
12
Suppose 4*v - 346 = 2*h, 3*v + h - 237 = -2*h. What is the highest common factor of 315 and v?
21
Let h = -393 + 423. Let o(j) = -j + 2. Let b be o(0). Let m be ((-18)/(-15))/(b/10). Calculate the greatest common factor of h and m.
6
Let r be (2943/218)/(2/((-32)/(-6))). Calculate the highest common divisor of 72 and r.
36
Suppose 0 = 5*h + 38 - 103. Let a = 251 - 238. Calculate the highest common divisor of h and a.
13
Suppose 3*g + 2*g - 65 = 5*f, -2*f - 50 = -4*g. Let t = 7 + 5. Calculate the greatest common divisor of g and t.
12
Let t(p) = 5*p - 4*p + 489 - 459. Let m be t(-14). Suppose 2*a - 49 = 207. What is the highest common factor of m and a?
16
Let u be 15/(-2) + 3/(-6). Let s(l) = l**3 + 6*l**2 - 3*l + 4. Let n be s(-6). Let y = u + n. Calculate the greatest common divisor of 56 and y.
14
Let f(w) = 6*w**2 + 3*w - 4. Let q be f(1). Suppose -v + 96 = q*v. Calculate the greatest common divisor of v and 56.
8
Let d be (3 + -2)*16 - (26 - 31). Let f(o) = 3*o + 2. Let c be f(4). Calculate the greatest common factor of d and c.
7
Suppose 0 = -l - 0*l + 2. Suppose -b + l = y, y + 6 = 2*b + 5*y. Let i be (1 - -2)*(22 - b). Calculate the greatest common factor of i and 42.
21
Let p(u) = -2*u + 22. Let c be p(10). Suppose 1 = 4*m - n - c, -n - 5 = -5*m. Suppose -2*j + 8 = -0*j. Calculate the greatest common factor of m and j.
2
Suppose 0 = -4*v + 40 + 20. Suppose -2*n + 0*n + 4 = 0. Suppose 0 = 3*y - n*u - 8, 4*y - u - v = -6. Calculate the highest common divisor of 2 and y.
2
Suppose -5*s + 936 = 2*h - 457, -2*s = 6. Calculate the highest common divisor of 22 and h.
22
Let k(j) = 5*j**2 + 4*j - 3. Let l be k(7). What is the greatest common factor of l and 30?
30
Let m(j) = 7*j + 47. Let v be m(10). Suppose 5*n - 12 - 53 = 0. Calculate the highest common divisor of n and v.
13
Let o(t) = -6*t**3 - 5*t**2 + 3*t + 18. Let w be o(-4). Calculate the highest common factor of 40 and w.
10
Suppose -3*n - v = -302, -3*n + 202 = -n + v. Calculate the greatest common divisor of n and 150.
50
Suppose -b = -c + 18, 55*b - 15 = 52*b. What is the highest common factor of c and 506?
23
Let r be -3 - -1 - (0 - 38). Suppose 0 = -f + 1, 3*f = a + 1. Suppose 37 = 3*z - a*q, -3*q - 42 = 2*z - 5*z. Calculate the highest common factor of r and z.
9
Suppose -403 - 416 = -3*j. Calculate the greatest common factor of 3 and j.
3
Suppose -339*b + 336*b + 24 = 0. Suppose -756 = -b*k - 6*k. Calculate the greatest common factor of 9 and k.
9
Let x(u) = -14*u - 58. Let y be x(-5). Let q = -5 - -17. What is the greatest common divisor of q and y?
12
Let y(b) = 8 - b**3 + 2 + 41*b + 11*b**2 - 51*b. Let u be y(10). Let z = 20 - u. What is the highest common factor of z and 4?
2
Suppose -i + 57 = 5*o, -i - 296 = -5*i - 3*o. Suppose -4*h = -d - 65, -4*h = h + 3*d - i. What is the highest common factor of h and 144?
16
Let o(b) = b**3 + 9*b**2 + 25*b + 10. Let l be o(-6). Let c = 112 - l. Calculate the greatest common factor of 16 and c.
16
Let o = 303 - 225. What is the highest common factor of 18 and o?
6
Let r = 70 + -42. Let t(k) = 2*k**2 + 3*k - 2. Let x be t(4). Calculate the greatest common factor of x and r.
14
Let l be (5 - 152/24)/((-2)/27). Calculate the greatest common factor of l and 99.
9
Let m = 43 - 4. What is the greatest common divisor of m and 130?
13
Let v = 1194 - 833. Calculate the highest common divisor of v and 152.
19
Let f = 1547 - 747. Calculate the highest common factor of f and 25.
25
Suppose -v + 48 + 816 = 0. What is the highest common divisor of v and 162?
54
Let b = 82 + -25. Calculate the greatest common divisor of 437 and b.
19
Suppose -7*c + 89 = -16. Suppose -4*y + k = 6*k - 515, -2*y + 5*k = -295. Calculate the highest common divisor of c and y.
15
Suppose 0 = 2*a + 4 - 38. Calculate the greatest common factor of 493 and a.
17
Let i(q) = q**2 - 5*q. Let n be i(7). Let f = -8 + n. Suppose -v - 1 = -s - 0*v, -20 = -4*v. What is the highest common factor of s and f?
6
Let u be 60/(-220) - 26324/(-44). Calculate the greatest common divisor of u and 78.
26
Suppose 0 = -5*o + 10 + 15. Suppose -p + 6*p - 50 = 0. Suppose -8*j + 4*r + 52 = -4*j, o*r + p = 0. What is the greatest common divisor of 11 and j?
11
Let o(i) = -i**2 - 33*i - 54. Suppose 3*v + 5*b = 2*b - 72, 0 = 3*v - b + 68. Let m be o(v). What is the greatest common divisor of 16 and m?
16
Suppose -10*i = -5*i - 855. What is the highest common factor of i and 19?
19
Let j(v) = 186*v - 1 - 205*v + 3*v**2 + 2 - 7. Let c be j(9). Calculate the highest common divisor of c and 6.
6
Let p(c) = 4*c - 4. Let b(t) = -t**2 - 15*t - 19. Let w be b(-13). Let q be p(w). What is the highest common factor of 96 and q?
24
Suppose 5*q - 5*k = 155, -46*q = -45*q + 2*k - 34. Calculate the highest common divisor of 48 and q.
16
Let o(w) = -w**3 + 11*w**2 - 2*w - 2. Let m be o(10). What is the highest common divisor of 208 and m?
26
Let w(d) = d**2 + 5*d - 9. Let k be w(2). Suppose -k*m + 60 = 4*x, m - 30 - 6 = -2*x. Calculate the greatest common factor of 90 and x.
10
Let a be 1005/30 + 1/2. What is the greatest common divisor of a and 136?
34
Let r(q) = -2*q - 12. Let x be r(-6). Suppose 2*c = -z + 113, -5*c + x*z = -z - 279. What is the greatest common factor of 8 and c?
8
Let z(n) = -n**2 - 13*n - 3. Let u be z(-12). Let j be (149 + -152)/(2/(-54) - 0). What is the highest common factor of j and u?
9
Let q(n) = 12*n**3 - 2*n**2 - 7*n + 20. Let m be q(2). Calculate the highest common factor of m and 1222.
94
Suppose 622*l = 618*l + 208. Let t be 4/18 + (-2100)/(-27). Calculate the greatest common divisor of t and l.
26
Let f be 7400/84 - (-50)/(-525). What is the greatest common factor of f and 11?
11
Let w be (36 - 1) + 0 + 0. Suppose 5*v + 45 = -2*s - s, 5*s - 4*v = -75. Let j be -3*5*(s/(-9) - 2). What is the highest common divisor of w and j?
5
Suppose 4 = -x + 6. Suppose 0*q - 5*m + 29 = -4*q, x*q = 4*m - 22. Let w be 7*(2 - q*25). Calculate the greatest common divisor of 27 and w.
27
Suppose 3*o - 11 = -q, o + 5 = 4*q - 0*o. Let j(w) = -81*w + 263. Let b be j(3). Calculate the greatest common factor of q and b.
2
Suppose 3*n - 1300 = -4*y - 0*y, 660 = 2*y - n. What is the greatest common divisor of y and 2?
2
Let n = -660 - -742. Calculate the highest common divisor of n and 12.
2
Suppose -4*r = -4*k - 272, 37*r = 36*r - k + 70. What is the highest common divisor of r and 299?
23
Let o be 5*3*4/(-6). Let a be (-9)/(-11) - o/55. What is the greatest common divisor of a and 8?
1
Suppose 5*r = -2 + 12. Suppose -r*t + w + 33 = -t, 2*t - 5*w = 78. What is the highest common factor of 145 and t?
29
Suppose 22*o = 20*o + 240. Let t = 18 + 12. What is the greatest common divisor of t and o?
30